{"id":9372,"date":"2018-06-08T22:35:09","date_gmt":"2018-06-08T21:35:09","guid":{"rendered":"http:\/\/emblemedequebec.marret.co\/?page_id=9372"},"modified":"2018-06-08T22:35:09","modified_gmt":"2018-06-08T21:35:09","slug":"des-camions-de-pompiers-avec-le-premier-embleme-de-quebec","status":"publish","type":"page","link":"https:\/\/emblemedequebec.marret.co\/index.php\/a-la-ville-de-quebec\/des-camions-de-pompiers-avec-le-premier-embleme-de-quebec\/","title":{"rendered":"Des camions de pompiers avec le premier embl\u00e8me de Qu\u00e9bec"},"content":{"rendered":"<p><span style=\"color: #333333;\"><span lang=\"FR\">Le premier embl\u00e8me de Qu\u00e9bec apparaissait sur divers \u00e9quipements et v\u00e9hicules <\/span>municipaux, mais cette identification a \u00e9videmment disparu avec le changement d\u2019embl\u00e8me en 1949. Il reste toutefois un vieux v\u00e9hicule de pompiers ainsi marqu\u00e9 et il a \u00e9t\u00e9 conserv\u00e9 pour son caract\u00e8re historique&nbsp;; il est utilis\u00e9 tr\u00e8s occasionnellement, lors de d\u00e9fil\u00e9s ou d\u2019expositions, ainsi que pour des comm\u00e9morations ou des \u00e9v\u00e8nements particuliers.<\/span><\/p>\n<p><a href=\"https:\/\/i0.wp.com\/emblemedequebec.marret.co\/wp-content\/uploads\/2018\/06\/0435-VQ-Camion-de-pompier-2010-19_029a_wp.jpg?ssl=1\"><img data-recalc-dims=\"1\" loading=\"lazy\" decoding=\"async\" data-attachment-id=\"9368\" data-permalink=\"https:\/\/emblemedequebec.marret.co\/index.php\/a-la-ville-de-quebec\/des-camions-de-pompiers-avec-le-premier-embleme-de-quebec\/0435-vq-camion-de-pompier-2010-19_029a_wp\/\" data-orig-file=\"https:\/\/i0.wp.com\/emblemedequebec.marret.co\/wp-content\/uploads\/2018\/06\/0435-VQ-Camion-de-pompier-2010-19_029a_wp.jpg?fit=886%2C591&amp;ssl=1\" data-orig-size=\"886,591\" data-comments-opened=\"1\" data-image-meta=\"{&quot;aperture&quot;:&quot;4&quot;,&quot;credit&quot;:&quot;&quot;,&quot;camera&quot;:&quot;Canon EOS DIGITAL REBEL XSi&quot;,&quot;caption&quot;:&quot;&quot;,&quot;created_timestamp&quot;:&quot;1282120888&quot;,&quot;copyright&quot;:&quot;&quot;,&quot;focal_length&quot;:&quot;18&quot;,&quot;iso&quot;:&quot;400&quot;,&quot;shutter_speed&quot;:&quot;0.016666666666667&quot;,&quot;title&quot;:&quot;&quot;,&quot;orientation&quot;:&quot;1&quot;}\" data-image-title=\"0435-VQ Camion de pompier (2010-19_029a)_wp\" data-image-description=\"\" data-image-caption=\"\" data-medium-file=\"https:\/\/i0.wp.com\/emblemedequebec.marret.co\/wp-content\/uploads\/2018\/06\/0435-VQ-Camion-de-pompier-2010-19_029a_wp.jpg?fit=300%2C200&amp;ssl=1\" data-large-file=\"https:\/\/i0.wp.com\/emblemedequebec.marret.co\/wp-content\/uploads\/2018\/06\/0435-VQ-Camion-de-pompier-2010-19_029a_wp.jpg?fit=640%2C427&amp;ssl=1\" width=\"499\" height=\"333\" class=\" wp-image-9368 aligncenter\" alt=\"\" src=\"https:\/\/i0.wp.com\/emblemedequebec.marret.co\/wp-content\/uploads\/2018\/06\/0435-VQ-Camion-de-pompier-2010-19_029a_wp.jpg?resize=499%2C333&#038;ssl=1\" data-wp-pid=\"9368\" srcset=\"https:\/\/i0.wp.com\/emblemedequebec.marret.co\/wp-content\/uploads\/2018\/06\/0435-VQ-Camion-de-pompier-2010-19_029a_wp.jpg?w=886&amp;ssl=1 886w, https:\/\/i0.wp.com\/emblemedequebec.marret.co\/wp-content\/uploads\/2018\/06\/0435-VQ-Camion-de-pompier-2010-19_029a_wp.jpg?resize=300%2C200&amp;ssl=1 300w, https:\/\/i0.wp.com\/emblemedequebec.marret.co\/wp-content\/uploads\/2018\/06\/0435-VQ-Camion-de-pompier-2010-19_029a_wp.jpg?resize=768%2C512&amp;ssl=1 768w, https:\/\/i0.wp.com\/emblemedequebec.marret.co\/wp-content\/uploads\/2018\/06\/0435-VQ-Camion-de-pompier-2010-19_029a_wp.jpg?resize=800%2C534&amp;ssl=1 800w, https:\/\/i0.wp.com\/emblemedequebec.marret.co\/wp-content\/uploads\/2018\/06\/0435-VQ-Camion-de-pompier-2010-19_029a_wp.jpg?resize=600%2C400&amp;ssl=1 600w\" sizes=\"auto, (max-width: 499px) 100vw, 499px\" \/><\/a>&nbsp;<a href=\"https:\/\/i0.wp.com\/emblemedequebec.marret.co\/wp-content\/uploads\/2018\/06\/0435-VQ-Camion-de-pompier-2010-19_024a_wp.jpg?ssl=1\"><img data-recalc-dims=\"1\" loading=\"lazy\" decoding=\"async\" data-attachment-id=\"9367\" data-permalink=\"https:\/\/emblemedequebec.marret.co\/index.php\/a-la-ville-de-quebec\/des-camions-de-pompiers-avec-le-premier-embleme-de-quebec\/0435-vq-camion-de-pompier-2010-19_024a_wp\/\" data-orig-file=\"https:\/\/i0.wp.com\/emblemedequebec.marret.co\/wp-content\/uploads\/2018\/06\/0435-VQ-Camion-de-pompier-2010-19_024a_wp.jpg?fit=886%2C591&amp;ssl=1\" data-orig-size=\"886,591\" data-comments-opened=\"1\" data-image-meta=\"{&quot;aperture&quot;:&quot;4.5&quot;,&quot;credit&quot;:&quot;&quot;,&quot;camera&quot;:&quot;Canon EOS DIGITAL REBEL XSi&quot;,&quot;caption&quot;:&quot;&quot;,&quot;created_timestamp&quot;:&quot;1282120810&quot;,&quot;copyright&quot;:&quot;&quot;,&quot;focal_length&quot;:&quot;25&quot;,&quot;iso&quot;:&quot;200&quot;,&quot;shutter_speed&quot;:&quot;0.025&quot;,&quot;title&quot;:&quot;&quot;,&quot;orientation&quot;:&quot;1&quot;}\" data-image-title=\"0435-VQ Camion de pompier (2010-19_024a)_wp\" data-image-description=\"\" data-image-caption=\"\" data-medium-file=\"https:\/\/i0.wp.com\/emblemedequebec.marret.co\/wp-content\/uploads\/2018\/06\/0435-VQ-Camion-de-pompier-2010-19_024a_wp.jpg?fit=300%2C200&amp;ssl=1\" data-large-file=\"https:\/\/i0.wp.com\/emblemedequebec.marret.co\/wp-content\/uploads\/2018\/06\/0435-VQ-Camion-de-pompier-2010-19_024a_wp.jpg?fit=640%2C427&amp;ssl=1\" width=\"410\" height=\"273\" class=\"wp-image-9367 alignnone\" alt=\"\" src=\"https:\/\/i0.wp.com\/emblemedequebec.marret.co\/wp-content\/uploads\/2018\/06\/0435-VQ-Camion-de-pompier-2010-19_024a_wp.jpg?resize=410%2C273&#038;ssl=1\" data-wp-pid=\"9367\" srcset=\"https:\/\/i0.wp.com\/emblemedequebec.marret.co\/wp-content\/uploads\/2018\/06\/0435-VQ-Camion-de-pompier-2010-19_024a_wp.jpg?w=886&amp;ssl=1 886w, https:\/\/i0.wp.com\/emblemedequebec.marret.co\/wp-content\/uploads\/2018\/06\/0435-VQ-Camion-de-pompier-2010-19_024a_wp.jpg?resize=300%2C200&amp;ssl=1 300w, https:\/\/i0.wp.com\/emblemedequebec.marret.co\/wp-content\/uploads\/2018\/06\/0435-VQ-Camion-de-pompier-2010-19_024a_wp.jpg?resize=768%2C512&amp;ssl=1 768w, https:\/\/i0.wp.com\/emblemedequebec.marret.co\/wp-content\/uploads\/2018\/06\/0435-VQ-Camion-de-pompier-2010-19_024a_wp.jpg?resize=800%2C534&amp;ssl=1 800w, https:\/\/i0.wp.com\/emblemedequebec.marret.co\/wp-content\/uploads\/2018\/06\/0435-VQ-Camion-de-pompier-2010-19_024a_wp.jpg?resize=600%2C400&amp;ssl=1 600w\" sizes=\"auto, (max-width: 410px) 100vw, 410px\" \/><\/a> &nbsp; &nbsp; <a href=\"https:\/\/i0.wp.com\/emblemedequebec.marret.co\/wp-content\/uploads\/2018\/06\/0435-VQ-Camion-de-pompier-2010-19_017a_wp.jpg?ssl=1\"><img data-recalc-dims=\"1\" loading=\"lazy\" decoding=\"async\" data-attachment-id=\"9366\" data-permalink=\"https:\/\/emblemedequebec.marret.co\/index.php\/a-la-ville-de-quebec\/des-camions-de-pompiers-avec-le-premier-embleme-de-quebec\/0435-vq-camion-de-pompier-2010-19_017a_wp\/\" data-orig-file=\"https:\/\/i0.wp.com\/emblemedequebec.marret.co\/wp-content\/uploads\/2018\/06\/0435-VQ-Camion-de-pompier-2010-19_017a_wp.jpg?fit=625%2C886&amp;ssl=1\" data-orig-size=\"625,886\" data-comments-opened=\"1\" data-image-meta=\"{&quot;aperture&quot;:&quot;5.6&quot;,&quot;credit&quot;:&quot;&quot;,&quot;camera&quot;:&quot;Canon EOS DIGITAL REBEL XSi&quot;,&quot;caption&quot;:&quot;&quot;,&quot;created_timestamp&quot;:&quot;1282120670&quot;,&quot;copyright&quot;:&quot;&quot;,&quot;focal_length&quot;:&quot;40&quot;,&quot;iso&quot;:&quot;800&quot;,&quot;shutter_speed&quot;:&quot;0.033333333333333&quot;,&quot;title&quot;:&quot;&quot;,&quot;orientation&quot;:&quot;1&quot;}\" data-image-title=\"0435-VQ Camion de pompier (2010-19_017a)_wp\" data-image-description=\"\" data-image-caption=\"\" data-medium-file=\"https:\/\/i0.wp.com\/emblemedequebec.marret.co\/wp-content\/uploads\/2018\/06\/0435-VQ-Camion-de-pompier-2010-19_017a_wp.jpg?fit=212%2C300&amp;ssl=1\" data-large-file=\"https:\/\/i0.wp.com\/emblemedequebec.marret.co\/wp-content\/uploads\/2018\/06\/0435-VQ-Camion-de-pompier-2010-19_017a_wp.jpg?fit=625%2C886&amp;ssl=1\" width=\"194\" height=\"276\" class=\"wp-image-9366 alignnone\" alt=\"\" src=\"https:\/\/i0.wp.com\/emblemedequebec.marret.co\/wp-content\/uploads\/2018\/06\/0435-VQ-Camion-de-pompier-2010-19_017a_wp.jpg?resize=194%2C276&#038;ssl=1\" data-wp-pid=\"9366\" srcset=\"https:\/\/i0.wp.com\/emblemedequebec.marret.co\/wp-content\/uploads\/2018\/06\/0435-VQ-Camion-de-pompier-2010-19_017a_wp.jpg?w=625&amp;ssl=1 625w, https:\/\/i0.wp.com\/emblemedequebec.marret.co\/wp-content\/uploads\/2018\/06\/0435-VQ-Camion-de-pompier-2010-19_017a_wp.jpg?resize=212%2C300&amp;ssl=1 212w, https:\/\/i0.wp.com\/emblemedequebec.marret.co\/wp-content\/uploads\/2018\/06\/0435-VQ-Camion-de-pompier-2010-19_017a_wp.jpg?resize=423%2C600&amp;ssl=1 423w\" sizes=\"auto, (max-width: 194px) 100vw, 194px\" \/><\/a><\/p>\n<p><a href=\"https:\/\/i0.wp.com\/emblemedequebec.marret.co\/wp-content\/uploads\/2018\/06\/0435-VQ-Camion-de-pompier-2010-19_008a_wp.jpg?ssl=1\"><img data-recalc-dims=\"1\" loading=\"lazy\" decoding=\"async\" data-attachment-id=\"9365\" data-permalink=\"https:\/\/emblemedequebec.marret.co\/index.php\/a-la-ville-de-quebec\/des-camions-de-pompiers-avec-le-premier-embleme-de-quebec\/0435-vq-camion-de-pompier-2010-19_008a_wp\/\" data-orig-file=\"https:\/\/i0.wp.com\/emblemedequebec.marret.co\/wp-content\/uploads\/2018\/06\/0435-VQ-Camion-de-pompier-2010-19_008a_wp.jpg?fit=886%2C591&amp;ssl=1\" data-orig-size=\"886,591\" data-comments-opened=\"1\" data-image-meta=\"{&quot;aperture&quot;:&quot;4&quot;,&quot;credit&quot;:&quot;&quot;,&quot;camera&quot;:&quot;Canon EOS DIGITAL REBEL XSi&quot;,&quot;caption&quot;:&quot;&quot;,&quot;created_timestamp&quot;:&quot;1282120602&quot;,&quot;copyright&quot;:&quot;&quot;,&quot;focal_length&quot;:&quot;18&quot;,&quot;iso&quot;:&quot;400&quot;,&quot;shutter_speed&quot;:&quot;0.016666666666667&quot;,&quot;title&quot;:&quot;&quot;,&quot;orientation&quot;:&quot;1&quot;}\" data-image-title=\"0435-VQ Camion de pompier (2010-19_008a)_wp\" data-image-description=\"\" data-image-caption=\"\" data-medium-file=\"https:\/\/i0.wp.com\/emblemedequebec.marret.co\/wp-content\/uploads\/2018\/06\/0435-VQ-Camion-de-pompier-2010-19_008a_wp.jpg?fit=300%2C200&amp;ssl=1\" data-large-file=\"https:\/\/i0.wp.com\/emblemedequebec.marret.co\/wp-content\/uploads\/2018\/06\/0435-VQ-Camion-de-pompier-2010-19_008a_wp.jpg?fit=640%2C427&amp;ssl=1\" width=\"626\" height=\"418\" class=\"alignnone  wp-image-9365\" alt=\"\" src=\"https:\/\/i0.wp.com\/emblemedequebec.marret.co\/wp-content\/uploads\/2018\/06\/0435-VQ-Camion-de-pompier-2010-19_008a_wp.jpg?resize=626%2C418&#038;ssl=1\" data-wp-pid=\"9365\" srcset=\"https:\/\/i0.wp.com\/emblemedequebec.marret.co\/wp-content\/uploads\/2018\/06\/0435-VQ-Camion-de-pompier-2010-19_008a_wp.jpg?w=886&amp;ssl=1 886w, https:\/\/i0.wp.com\/emblemedequebec.marret.co\/wp-content\/uploads\/2018\/06\/0435-VQ-Camion-de-pompier-2010-19_008a_wp.jpg?resize=300%2C200&amp;ssl=1 300w, https:\/\/i0.wp.com\/emblemedequebec.marret.co\/wp-content\/uploads\/2018\/06\/0435-VQ-Camion-de-pompier-2010-19_008a_wp.jpg?resize=768%2C512&amp;ssl=1 768w, https:\/\/i0.wp.com\/emblemedequebec.marret.co\/wp-content\/uploads\/2018\/06\/0435-VQ-Camion-de-pompier-2010-19_008a_wp.jpg?resize=800%2C534&amp;ssl=1 800w, https:\/\/i0.wp.com\/emblemedequebec.marret.co\/wp-content\/uploads\/2018\/06\/0435-VQ-Camion-de-pompier-2010-19_008a_wp.jpg?resize=600%2C400&amp;ssl=1 600w\" sizes=\"auto, (max-width: 626px) 100vw, 626px\" \/><\/a><\/p>\n","protected":false},"excerpt":{"rendered":"<p>Le premier embl\u00e8me de Qu\u00e9bec apparaissait sur divers \u00e9quipements et v\u00e9hicules municipaux, mais cette identification a \u00e9videmment disparu avec le changement d\u2019embl\u00e8me en 1949. Il reste toutefois un vieux v\u00e9hicule de pompiers ainsi marqu\u00e9 et il a \u00e9t\u00e9 conserv\u00e9 pour &hellip; <a href=\"https:\/\/emblemedequebec.marret.co\/index.php\/a-la-ville-de-quebec\/des-camions-de-pompiers-avec-le-premier-embleme-de-quebec\/\">Continuer la lecture <span class=\"meta-nav\">&rarr;<\/span><\/a><\/p>\n","protected":false},"author":1,"featured_media":0,"parent":7617,"menu_order":0,"comment_status":"closed","ping_status":"closed","template":"","meta":{"ngg_post_thumbnail":0,"jetpack_post_was_ever_published":false,"footnotes":""},"class_list":["post-9372","page","type-page","status-publish","hentry"],"aioseo_notices":[],"jetpack_sharing_enabled":true,"jetpack_shortlink":"https:\/\/wp.me\/P9K7xB-2ra","jetpack-related-posts":[{"id":7617,"url":"https:\/\/emblemedequebec.marret.co\/index.php\/a-la-ville-de-quebec\/","url_meta":{"origin":9372,"position":0},"title":"&#8230; \u00e0 la ville de Qu\u00e9bec","author":"marretgravereaux","date":"13 mars 2018","format":false,"excerpt":"Le nouveau sceau de la ville de Qu\u00e9bec a \u00e9t\u00e9 adopt\u00e9 officiellement le 23 mai 1834 et il a, d\u00e8s ce moment-l\u00e0, \u00e9t\u00e9 utilis\u00e9 par la ville chaque fois que n\u00e9cessaire pour identifier des objets ou des personnes, illustrer des documents ou orner des meubles. L\u2019embl\u00e8me officiel est demeur\u00e9 le\u2026","rel":"","context":"Article similaire","block_context":{"text":"Article similaire","link":""},"img":{"alt_text":"","src":"https:\/\/i0.wp.com\/emblemedequebec.marret.co\/wp-content\/uploads\/2018\/05\/QP1-1-PV-1833-1834-23-mai-1834p_wp.jpg?resize=350%2C200","width":350,"height":200},"classes":[]},{"id":66,"url":"https:\/\/emblemedequebec.marret.co\/","url_meta":{"origin":9372,"position":1},"title":"Le premier embl\u00e8me de la ville de Qu\u00e9bec","author":"marretgravereaux","date":"24 octobre 2015","format":false,"excerpt":"Incorpor\u00e9e en 1833, la ville de Qu\u00e9bec tint ses premi\u00e8res \u00e9lections en avril. Lors de l\u2019une de ses premi\u00e8res r\u00e9unions, quelques semaines plus tard, le conseil de ville adopta un sceau dont le dessin fut r\u00e9alis\u00e9 par l\u2019un de ses conseillers, Joseph L\u00e9gar\u00e9. Utilis\u00e9 comme embl\u00e8me, voire comme armoiries, pour\u2026","rel":"","context":"Article similaire","block_context":{"text":"Article similaire","link":""},"img":{"alt_text":"","src":"https:\/\/i0.wp.com\/emblemedequebec.marret.co\/wp-content\/uploads\/2018\/03\/Ville-de-Qu%C3%A9bec-Dessin-original_wp-997x1024.jpg?resize=350%2C200","width":350,"height":200},"classes":[]},{"id":8494,"url":"https:\/\/emblemedequebec.marret.co\/index.php\/sur-des-imprimes\/des-cartes-postales-avec-le-premier-embleme-de-quebec\/","url_meta":{"origin":9372,"position":2},"title":"Des cartes postales avec le premier embl\u00e8me de Qu\u00e9bec\u2026","author":"marretgravereaux","date":"17 avril 2018","format":false,"excerpt":"Au fil des ann\u00e9es, de nombreuses cartes postales ont \u00e9t\u00e9 \u00e9mises avec, en illustration, le premier embl\u00e8me de la ville de Qu\u00e9bec\u00a0: Une carte postale \u00e9mise par la compagnie Raphael Tuck & sons dans le cadre de la s\u00e9rie \u00ab\u00a0Canadian Coats of Arms\u00a0\u00bb \u00a0 Une s\u00e9rie de cartes postales sur\u2026","rel":"","context":"Article similaire","block_context":{"text":"Article similaire","link":""},"img":{"alt_text":"","src":"https:\/\/i0.wp.com\/emblemedequebec.marret.co\/wp-content\/uploads\/2018\/04\/2641-JLM2-CP-Tuck_wp-1024x641.jpg?resize=350%2C200","width":350,"height":200},"classes":[]},{"id":7599,"url":"https:\/\/emblemedequebec.marret.co\/index.php\/a-la-societe-numismatique-de-quebec-s-n-q\/","url_meta":{"origin":9372,"position":3},"title":"&#8230; \u00e0 la Soci\u00e9t\u00e9 numismatique de Qu\u00e9bec (S.N.Q.)","author":"marretgravereaux","date":"13 mars 2018","format":false,"excerpt":"Fond\u00e9e en 1960, la Soci\u00e9t\u00e9 numismatique de Qu\u00e9bec adopte comme embl\u00e8me, quelques mois plus tard \u2013 le 21 f\u00e9vrier 1961 -, le dessin apparaissant sur le jeton d\u2019un penny de la Banque de Qu\u00e9bec, lui-m\u00eame inspir\u00e9 de celui de la ville de Qu\u00e9bec. Dans les ann\u00e9es qui suivent, l\u2019on voit\u2026","rel":"","context":"Article similaire","block_context":{"text":"Article similaire","link":""},"img":{"alt_text":"","src":"https:\/\/i0.wp.com\/emblemedequebec.marret.co\/wp-content\/uploads\/2018\/05\/1966-02-08-5e-SNQ-Programme-p2-3-c_wp.jpg?resize=350%2C200","width":350,"height":200},"classes":[]},{"id":7614,"url":"https:\/\/emblemedequebec.marret.co\/index.php\/ses-origines\/","url_meta":{"origin":9372,"position":4},"title":"Histoire officielle du premier embl\u00e8me de Qu\u00e9bec","author":"marretgravereaux","date":"13 mars 2018","format":false,"excerpt":"Qu\u00e9bec aurait pu avoir des armes d\u00e8s le XVIIe si\u00e8cle si le gouverneur de Frontenac avait men\u00e9 \u00e0 bien son projet. En effet, le 13\u00a0octobre 1673, il \u00e9crivait au ministre\u00a0: \u00ab\u00a0C\u2019est \u00e0 quoi, Mgr, vous aviserez, s\u2019il vous pla\u00eet, comme aussi aux livr\u00e9es et aux armes que le Roi voudra\u2026","rel":"","context":"Article similaire","block_context":{"text":"Article similaire","link":""},"img":{"alt_text":"","src":"https:\/\/i0.wp.com\/emblemedequebec.marret.co\/wp-content\/uploads\/2018\/03\/Frontenac_wp.jpg?resize=350%2C200","width":350,"height":200},"classes":[]},{"id":8298,"url":"https:\/\/emblemedequebec.marret.co\/index.php\/sur-des-ustensiles\/","url_meta":{"origin":9372,"position":5},"title":"&#8230; sur des ustensiles","author":"marretgravereaux","date":"17 mars 2018","format":false,"excerpt":"Le premier embl\u00e8me de Qu\u00e9bec se pr\u00eate bien \u00e0 une reproduction sur diff\u00e9rents objets comme des ustensiles\u00a0; il n\u2019y a donc rien d\u2019\u00e9tonnant \u00e0 ce que divers orf\u00e8vres et bijoutiers aient fabriqu\u00e9 des cuill\u00e8res pour les collectionneurs. Il est toutefois plus surprenant de voir cet embl\u00e8me sur des ustensiles de\u2026","rel":"","context":"Article similaire","block_context":{"text":"Article similaire","link":""},"img":{"alt_text":"","src":"https:\/\/i0.wp.com\/emblemedequebec.marret.co\/wp-content\/uploads\/2018\/06\/1908v-Richelieu-and-Ontario-Nav-p9b_wp.jpg?resize=350%2C200","width":350,"height":200},"classes":[]}],"_links":{"self":[{"href":"https:\/\/emblemedequebec.marret.co\/index.php\/wp-json\/wp\/v2\/pages\/9372","targetHints":{"allow":["GET"]}}],"collection":[{"href":"https:\/\/emblemedequebec.marret.co\/index.php\/wp-json\/wp\/v2\/pages"}],"about":[{"href":"https:\/\/emblemedequebec.marret.co\/index.php\/wp-json\/wp\/v2\/types\/page"}],"author":[{"embeddable":true,"href":"https:\/\/emblemedequebec.marret.co\/index.php\/wp-json\/wp\/v2\/users\/1"}],"replies":[{"embeddable":true,"href":"https:\/\/emblemedequebec.marret.co\/index.php\/wp-json\/wp\/v2\/comments?post=9372"}],"version-history":[{"count":0,"href":"https:\/\/emblemedequebec.marret.co\/index.php\/wp-json\/wp\/v2\/pages\/9372\/revisions"}],"up":[{"embeddable":true,"href":"https:\/\/emblemedequebec.marret.co\/index.php\/wp-json\/wp\/v2\/pages\/7617"}],"wp:attachment":[{"href":"https:\/\/emblemedequebec.marret.co\/index.php\/wp-json\/wp\/v2\/media?parent=9372"}],"curies":[{"name":"wp","href":"https:\/\/api.w.org\/{rel}","templated":true}]}}