{"id":7614,"date":"2018-03-13T19:19:41","date_gmt":"2018-03-13T18:19:41","guid":{"rendered":"http:\/\/emblemedequebec.marret.co\/?page_id=7614"},"modified":"2018-03-16T12:26:44","modified_gmt":"2018-03-16T11:26:44","slug":"ses-origines","status":"publish","type":"page","link":"https:\/\/emblemedequebec.marret.co\/index.php\/ses-origines\/","title":{"rendered":"Histoire officielle du premier embl\u00e8me de Qu\u00e9bec"},"content":{"rendered":"<p><span style=\"font: 400 12pt\/18px Georgia,'Bitstream Charter',serif; text-align: left; color: #444444; text-transform: none; text-indent: 0px; letter-spacing: normal; text-decoration: none; word-spacing: 0px; display: inline !important; white-space: normal; cursor: text; orphans: 2; float: none; -webkit-text-stroke-width: 0px; background-color: transparent;\">Qu\u00e9bec aurait pu avoir des armes d\u00e8s le XVIIe si\u00e8cle si le gouverneur de Frontenac avait men\u00e9 \u00e0 bien son projet. En effet, le 13&nbsp;octobre 1673, il \u00e9crivait au ministre&nbsp;:<\/span><\/p>\n<div id=\"attachment_7713\" style=\"width: 135px\" class=\"wp-caption alignright\"><a href=\"https:\/\/i0.wp.com\/emblemedequebec.marret.co\/wp-content\/uploads\/2018\/03\/Frontenac_wp.jpg?ssl=1\"><img data-recalc-dims=\"1\" loading=\"lazy\" decoding=\"async\" aria-describedby=\"caption-attachment-7713\" data-attachment-id=\"7713\" data-permalink=\"https:\/\/emblemedequebec.marret.co\/index.php\/ses-origines\/frontenac_wp\/\" data-orig-file=\"https:\/\/i0.wp.com\/emblemedequebec.marret.co\/wp-content\/uploads\/2018\/03\/Frontenac_wp.jpg?fit=505%2C591&amp;ssl=1\" data-orig-size=\"505,591\" data-comments-opened=\"1\" data-image-meta=\"{&quot;aperture&quot;:&quot;0&quot;,&quot;credit&quot;:&quot;&quot;,&quot;camera&quot;:&quot;&quot;,&quot;caption&quot;:&quot;&quot;,&quot;created_timestamp&quot;:&quot;0&quot;,&quot;copyright&quot;:&quot;&quot;,&quot;focal_length&quot;:&quot;0&quot;,&quot;iso&quot;:&quot;0&quot;,&quot;shutter_speed&quot;:&quot;0&quot;,&quot;title&quot;:&quot;&quot;,&quot;orientation&quot;:&quot;1&quot;}\" data-image-title=\"Frontenac_wp\" data-image-description=\"&lt;p&gt;Extrait d&amp;rsquo;une affiche imprim\u00e9e par le Canadien Pacifique pour la promotion du Ch\u00e2teau Frontenac (Qu\u00e9bec)&lt;\/p&gt;\n\" data-image-caption=\"&lt;p&gt;Louis de Buade, comte de Frontenac&lt;\/p&gt;\n\" data-medium-file=\"https:\/\/i0.wp.com\/emblemedequebec.marret.co\/wp-content\/uploads\/2018\/03\/Frontenac_wp.jpg?fit=256%2C300&amp;ssl=1\" data-large-file=\"https:\/\/i0.wp.com\/emblemedequebec.marret.co\/wp-content\/uploads\/2018\/03\/Frontenac_wp.jpg?fit=505%2C591&amp;ssl=1\" width=\"125\" height=\"146\" class=\" wp-image-7713\" alt=\"\" src=\"https:\/\/i0.wp.com\/emblemedequebec.marret.co\/wp-content\/uploads\/2018\/03\/Frontenac_wp.jpg?resize=125%2C146&#038;ssl=1\" data-wp-pid=\"7713\" srcset=\"https:\/\/i0.wp.com\/emblemedequebec.marret.co\/wp-content\/uploads\/2018\/03\/Frontenac_wp.jpg?w=505&amp;ssl=1 505w, https:\/\/i0.wp.com\/emblemedequebec.marret.co\/wp-content\/uploads\/2018\/03\/Frontenac_wp.jpg?resize=256%2C300&amp;ssl=1 256w\" sizes=\"auto, (max-width: 125px) 100vw, 125px\" \/><\/a><p id=\"caption-attachment-7713\" class=\"wp-caption-text\">Frontenac<\/p><\/div>\n<p>\u00ab&nbsp;<em>C\u2019est \u00e0 quoi, Mgr, vous aviserez, s\u2019il vous pla\u00eet, comme aussi aux livr\u00e9es et aux armes que le Roi voudra donner \u00e0 la ville de Qu\u00e9bec. Je croyais que les fleurs de lys sans nombre, au chef d\u2019or, charg\u00e9 d\u2019un castor de sable, lui conviendraient assez bien avec deux orignaux pour supporter, et le bleu et le blanc pour les livr\u00e9es de la ville. J\u2019attendrai sur cela les ordres de Sa Majest\u00e9 et les v\u00f4tres.&nbsp;\u00bb<\/em><\/p>\n<p>Historien et archiviste, Pierre-Georges Roy <span lang=\"FR\">(1870-1953) <\/span> ajoute&nbsp;:<\/p>\n<p><em>\u00ab&nbsp;La suggestion du grand gouverneur demeura sans r\u00e9ponse. Et, comme sous le r\u00e8gne de Louis&nbsp;XIV, la lumi\u00e8re devait venir de Paris ou de Versailles. M.&nbsp;de Frontenac, qui avait d\u00e9j\u00e0 \u00e9t\u00e9 bl\u00e2m\u00e9 pour des initiatives bien anodines, ne parla plus de son projet<\/em>.&nbsp;\u00bb<\/p>\n<p>Il faudra donc un peu plus d\u2019un si\u00e8cle et demi pour que Qu\u00e9bec se dote d\u2019armes et de devise\u2026<\/p>\n<p><span style=\"color: #333333;\"><span lang=\"FR\">La <\/span><span lang=\"FR\">cit\u00e9 de Qu\u00e9bec est incorpor\u00e9e en 1833 et peu apr\u00e8s avoir \u00e9t\u00e9 \u00e9lu, l<\/span><span lang=\"FR\">e conseil municipal adopte un projet de sceau pour la nouvelle Corporation&nbsp;; en attendant que celui-ci soit fabriqu\u00e9, la cit\u00e9 doit utiliser un cachet provisoire. <a href=\"https:\/\/emblemedequebec.marret.co\/index.php\/ses-origines\/les-premiers-sceaux-de-quebec\/\">Deux sceaux diff\u00e9rents<\/a> apparaissent donc &nbsp;sur les documents officiels de Qu\u00e9bec au cours des premi\u00e8res ann\u00e9es.<\/span><\/span><\/p>\n<div id=\"attachment_7694\" style=\"width: 260px\" class=\"wp-caption alignright\"><a href=\"https:\/\/i0.wp.com\/emblemedequebec.marret.co\/wp-content\/uploads\/2018\/03\/1835-Carte-de-Hawkins-2010-17_008a_wp.jpg?ssl=1\"><img data-recalc-dims=\"1\" loading=\"lazy\" decoding=\"async\" aria-describedby=\"caption-attachment-7694\" data-attachment-id=\"7694\" data-permalink=\"https:\/\/emblemedequebec.marret.co\/index.php\/ses-origines\/1835-carte-de-hawkins-2010-17_008a_wp\/\" data-orig-file=\"https:\/\/i0.wp.com\/emblemedequebec.marret.co\/wp-content\/uploads\/2018\/03\/1835-Carte-de-Hawkins-2010-17_008a_wp.jpg?fit=1181%2C1132&amp;ssl=1\" data-orig-size=\"1181,1132\" data-comments-opened=\"1\" data-image-meta=\"{&quot;aperture&quot;:&quot;5.6&quot;,&quot;credit&quot;:&quot;&quot;,&quot;camera&quot;:&quot;Canon EOS DIGITAL REBEL XSi&quot;,&quot;caption&quot;:&quot;&quot;,&quot;created_timestamp&quot;:&quot;1281696216&quot;,&quot;copyright&quot;:&quot;&quot;,&quot;focal_length&quot;:&quot;55&quot;,&quot;iso&quot;:&quot;400&quot;,&quot;shutter_speed&quot;:&quot;0.016666666666667&quot;,&quot;title&quot;:&quot;&quot;,&quot;orientation&quot;:&quot;1&quot;}\" data-image-title=\"1835 Carte de Hawkins &amp;#8211; 2010-17_008a_wp\" data-image-description=\"&lt;p&gt;This Plan of the City of Quebec is respectfully inscribed to the Mayor (R.E. Caron) Esq. By his obedient servant Alfred Hawkins. 1835. Wm Smillie Sc.&lt;\/p&gt;\n\" data-image-caption=\"&lt;p&gt;Plan of the City of Quebec. 1835 (Hawkins, Alfred)&lt;\/p&gt;\n\" data-medium-file=\"https:\/\/i0.wp.com\/emblemedequebec.marret.co\/wp-content\/uploads\/2018\/03\/1835-Carte-de-Hawkins-2010-17_008a_wp.jpg?fit=300%2C288&amp;ssl=1\" data-large-file=\"https:\/\/i0.wp.com\/emblemedequebec.marret.co\/wp-content\/uploads\/2018\/03\/1835-Carte-de-Hawkins-2010-17_008a_wp.jpg?fit=640%2C614&amp;ssl=1\" width=\"250\" height=\"239\" class=\" wp-image-7694\" alt=\"\" src=\"https:\/\/i0.wp.com\/emblemedequebec.marret.co\/wp-content\/uploads\/2018\/03\/1835-Carte-de-Hawkins-2010-17_008a_wp.jpg?resize=250%2C239&#038;ssl=1\" data-wp-pid=\"7694\" srcset=\"https:\/\/i0.wp.com\/emblemedequebec.marret.co\/wp-content\/uploads\/2018\/03\/1835-Carte-de-Hawkins-2010-17_008a_wp.jpg?resize=1024%2C982&amp;ssl=1 1024w, https:\/\/i0.wp.com\/emblemedequebec.marret.co\/wp-content\/uploads\/2018\/03\/1835-Carte-de-Hawkins-2010-17_008a_wp.jpg?resize=300%2C288&amp;ssl=1 300w, https:\/\/i0.wp.com\/emblemedequebec.marret.co\/wp-content\/uploads\/2018\/03\/1835-Carte-de-Hawkins-2010-17_008a_wp.jpg?resize=768%2C736&amp;ssl=1 768w, https:\/\/i0.wp.com\/emblemedequebec.marret.co\/wp-content\/uploads\/2018\/03\/1835-Carte-de-Hawkins-2010-17_008a_wp.jpg?resize=800%2C767&amp;ssl=1 800w, https:\/\/i0.wp.com\/emblemedequebec.marret.co\/wp-content\/uploads\/2018\/03\/1835-Carte-de-Hawkins-2010-17_008a_wp.jpg?resize=600%2C575&amp;ssl=1 600w, https:\/\/i0.wp.com\/emblemedequebec.marret.co\/wp-content\/uploads\/2018\/03\/1835-Carte-de-Hawkins-2010-17_008a_wp.jpg?w=1181&amp;ssl=1 1181w\" sizes=\"auto, (max-width: 250px) 100vw, 250px\" \/><\/a><p id=\"caption-attachment-7694\" class=\"wp-caption-text\">Plan de la Cit\u00e9 de Qu\u00e9bec (1835)<\/p><\/div>\n<p><span style=\"color: #333333;\"><span lang=\"FR\">Joseph L\u00e9gar\u00e9, conseiller municipal, mais aussi peintre reconnu, a con\u00e7u le dessin original du sceau permanent&nbsp;; celui-ci repr\u00e9sente <\/span><span lang=\"FR\">le cap aux Diamants et la Basse ville ainsi que la D\u00e9esse Str\u00e9nua. Mais avant sa fabrication, plusieurs modifications y sont apport\u00e9es et une devise y est ajout\u00e9e.<\/span><\/span><\/p>\n<p><span lang=\"FR\"><span style=\"color: #333333;\">Pr\u00e9vu initialement pour le seul sceau de la Corporation, cet embl\u00e8me devient rapidement la marque distinctive de Qu\u00e9bec \u2013 et on le retrouve imprim\u00e9 sur de multiples documents administratifs.<\/span><\/span><\/p>\n<p><span lang=\"FR\"><span style=\"color: #333333;\">Le dessin \u00e9volue au fil des ans, mais un si\u00e8cle apr\u00e8s sa cr\u00e9ation, il ne semble plus au go\u00fbt du jour&nbsp;; la Cit\u00e9 de Qu\u00e9bec l\u2019abandonne en 1949 et adopte de nouvelles armoiries.<\/span><\/span><\/p>\n<p>&nbsp;<\/p>\n<p>&nbsp;<\/p>\n<p>&nbsp;<\/p>\n","protected":false},"excerpt":{"rendered":"<p>Qu\u00e9bec aurait pu avoir des armes d\u00e8s le XVIIe si\u00e8cle si le gouverneur de Frontenac avait men\u00e9 \u00e0 bien son projet. En effet, le 13&nbsp;octobre 1673, il \u00e9crivait au ministre&nbsp;: \u00ab&nbsp;C\u2019est \u00e0 quoi, Mgr, vous aviserez, s\u2019il vous pla\u00eet, comme &hellip; <a href=\"https:\/\/emblemedequebec.marret.co\/index.php\/ses-origines\/\">Continuer la lecture <span class=\"meta-nav\">&rarr;<\/span><\/a><\/p>\n","protected":false},"author":1,"featured_media":0,"parent":0,"menu_order":0,"comment_status":"closed","ping_status":"closed","template":"","meta":{"ngg_post_thumbnail":0,"jetpack_post_was_ever_published":false,"footnotes":""},"class_list":["post-7614","page","type-page","status-publish","hentry"],"aioseo_notices":[],"jetpack_sharing_enabled":true,"jetpack_shortlink":"https:\/\/wp.me\/P9K7xB-1YO","jetpack-related-posts":[{"id":7681,"url":"https:\/\/emblemedequebec.marret.co\/index.php\/ses-origines\/les-premiers-sceaux-de-quebec\/","url_meta":{"origin":7614,"position":0},"title":"Sceau provisoire, sceau permanent","author":"marretgravereaux","date":"15 mars 2018","format":false,"excerpt":"Qu\u00e9bec aurait pu avoir des armes d\u00e8s le XVIIe si\u00e8cle si le gouverneur de Frontenac avait men\u00e9 \u00e0 bien son projet. En effet, le 13\u00a0octobre 1673, il \u00e9crivait au ministre\u00a0: \u00ab\u00a0C\u2019est \u00e0 quoi, Mgr, vous aviserez, s\u2019il vous pla\u00eet, comme aussi aux livr\u00e9es et aux armes que le Roi voudra\u2026","rel":"","context":"Article similaire","block_context":{"text":"Article similaire","link":""},"img":{"alt_text":"","src":"https:\/\/i0.wp.com\/emblemedequebec.marret.co\/wp-content\/uploads\/2018\/03\/1833-06-17-Sceau-2010-09_031_wp.jpg?resize=350%2C200","width":350,"height":200},"classes":[]},{"id":8306,"url":"https:\/\/emblemedequebec.marret.co\/index.php\/ses-origines\/sources-dinspiration-pour-le-sceau-de-quebec\/","url_meta":{"origin":7614,"position":1},"title":"Sources d\u2019inspiration pour le sceau de Qu\u00e9bec","author":"marretgravereaux","date":"18 mars 2018","format":false,"excerpt":"\u00c9lu au conseil de la Cit\u00e9 de Qu\u00e9bec le 25\u00a0avril 1833, Joseph L\u00e9gar\u00e9 soumet dans les jours suivants un projet de sceau pour la Corporation municipale, lequel fait l\u2019objet de discussions lors de la s\u00e9ance du 24\u00a0mai. Il n\u2019a donc eu que peu de temps pour le pr\u00e9parer et l\u2019on\u2026","rel":"","context":"Article similaire","block_context":{"text":"Article similaire","link":""},"img":{"alt_text":"","src":"https:\/\/i0.wp.com\/emblemedequebec.marret.co\/wp-content\/uploads\/2024\/10\/1749-Paix-dAix-la-Chapelle-10-Photoroom-a_50-300x297.png?resize=350%2C200&ssl=1","width":350,"height":200},"classes":[]},{"id":9432,"url":"https:\/\/emblemedequebec.marret.co\/index.php\/a-la-societe-numismatique-de-quebec-s-n-q\/medaillons-1984-2010\/","url_meta":{"origin":7614,"position":2},"title":"M\u00e9daillons (1984 \u2013 2010)","author":"marretgravereaux","date":"7 ao\u00fbt 2018","format":false,"excerpt":"Entre 1984 et 2010, la Soci\u00e9t\u00e9 numismatique de Qu\u00e9bec a \u00e9mis des m\u00e9dailles \u00e0 douze reprises pour souligner ses activit\u00e9s et divers anniversaires. Elle fit appel \u00e0 un atelier mon\u00e9taire canadien \u2013 Pressed Metal Products - pour frapper ces pi\u00e8ces. L\u2019avers de celles-ci, le m\u00eame durant toutes ces ann\u00e9es, montre\u2026","rel":"","context":"Article similaire","block_context":{"text":"Article similaire","link":""},"img":{"alt_text":"","src":"https:\/\/i0.wp.com\/emblemedequebec.marret.co\/wp-content\/uploads\/2018\/08\/Revers-M%C3%A9daille-SNQ-2d_wp-1024x1024.jpg?resize=350%2C200","width":350,"height":200},"classes":[]},{"id":8324,"url":"https:\/\/emblemedequebec.marret.co\/index.php\/ses-origines\/le-dessin-du-sceau\/","url_meta":{"origin":7614,"position":3},"title":"Le dessin du sceau","author":"marretgravereaux","date":"19 mars 2018","format":false,"excerpt":"Les \u00e9lections municipales de la Cit\u00e9 de Qu\u00e9bec ont lieu \u00e0 la fin avril\u00a01833. Le 24\u00a0mai, soit moins d\u2019un mois apr\u00e8s, le Conseil choisit son nouveau sceau\u00a0: \u00ab\u00a0R\u00e9solu que le Sceau de la Corporation tel que pr\u00e9sent\u00e9 par M.\u00a0L\u00e9gar\u00e9 soit adopt\u00e9 comme le Sceau de la Corporation. Le dit Sceau\u2026","rel":"","context":"Article similaire","block_context":{"text":"Article similaire","link":""},"img":{"alt_text":"","src":"https:\/\/i0.wp.com\/emblemedequebec.marret.co\/wp-content\/uploads\/2018\/05\/QP1-1-PV-1833-1834-23-mai-1834p_wp.jpg?resize=350%2C200","width":350,"height":200},"classes":[]},{"id":8922,"url":"https:\/\/emblemedequebec.marret.co\/index.php\/sur-des-bijoux\/quebec-curling-club\/","url_meta":{"origin":7614,"position":4},"title":"Quebec Curling Club","author":"marretgravereaux","date":"1 mai 2018","format":false,"excerpt":"Le curling se joue \u00e0 l'origine sur des surfaces glac\u00e9es naturelles, telles, \u00e0 Qu\u00e9bec, le Saint-Laurent ou la rivi\u00e8re Saint-Charles. Mais, \u00e0 l\u2019initiative des \u00c9cossais le Quebec Curling Club voit le jour en 1821 et, au d\u00e9but, seuls des fils et des filles d'\u00c9cossais peuvent en devenir membres. Apr\u00e8s Montr\u00e9al\u2026","rel":"","context":"Dans &quot;Non class\u00e9&quot;","block_context":{"text":"Non class\u00e9","link":"https:\/\/emblemedequebec.marret.co\/index.php\/category\/non-classe\/"},"img":{"alt_text":"","src":"https:\/\/i0.wp.com\/emblemedequebec.marret.co\/wp-content\/uploads\/2018\/04\/2321-MMC-M930_50_1_638_wp.jpg?resize=350%2C200","width":350,"height":200},"classes":[]},{"id":9228,"url":"https:\/\/emblemedequebec.marret.co\/index.php\/sur-des-imprimes\/quebec-gas-company\/","url_meta":{"origin":7614,"position":5},"title":"Quebec Gas Company","author":"marretgravereaux","date":"17 mai 2018","format":false,"excerpt":"L\u2019\u00e9clairage \u00ab\u00a0organis\u00e9\u00a0\u00bb des rues de Qu\u00e9bec ne date que de la premi\u00e8re moiti\u00e9 du XIXe si\u00e8cle. C\u2019est ainsi qu\u2019en 1818, la l\u00e9gislation en vigueur pr\u00e9voit que des hommes de guet fixent aux endroits pertinents des flambeaux et des lampes \u00e0 huile de charbon. Quelques ann\u00e9es plus tard, la ville installe\u2026","rel":"","context":"Article similaire","block_context":{"text":"Article similaire","link":""},"img":{"alt_text":"","src":"https:\/\/i0.wp.com\/emblemedequebec.marret.co\/wp-content\/uploads\/2018\/05\/Reverbere-2_wp.jpg?resize=350%2C200","width":350,"height":200},"classes":[]}],"_links":{"self":[{"href":"https:\/\/emblemedequebec.marret.co\/index.php\/wp-json\/wp\/v2\/pages\/7614","targetHints":{"allow":["GET"]}}],"collection":[{"href":"https:\/\/emblemedequebec.marret.co\/index.php\/wp-json\/wp\/v2\/pages"}],"about":[{"href":"https:\/\/emblemedequebec.marret.co\/index.php\/wp-json\/wp\/v2\/types\/page"}],"author":[{"embeddable":true,"href":"https:\/\/emblemedequebec.marret.co\/index.php\/wp-json\/wp\/v2\/users\/1"}],"replies":[{"embeddable":true,"href":"https:\/\/emblemedequebec.marret.co\/index.php\/wp-json\/wp\/v2\/comments?post=7614"}],"version-history":[{"count":0,"href":"https:\/\/emblemedequebec.marret.co\/index.php\/wp-json\/wp\/v2\/pages\/7614\/revisions"}],"wp:attachment":[{"href":"https:\/\/emblemedequebec.marret.co\/index.php\/wp-json\/wp\/v2\/media?parent=7614"}],"curies":[{"name":"wp","href":"https:\/\/api.w.org\/{rel}","templated":true}]}}