{"id":7601,"date":"2018-03-13T19:13:55","date_gmt":"2018-03-13T18:13:55","guid":{"rendered":"http:\/\/emblemedequebec.marret.co\/?page_id=7601"},"modified":"2018-08-12T01:54:40","modified_gmt":"2018-08-12T00:54:40","slug":"sur-des-bijoux","status":"publish","type":"page","link":"https:\/\/emblemedequebec.marret.co\/index.php\/sur-des-bijoux\/","title":{"rendered":"&#8230; sur des bijoux, des insignes et des objets personnels"},"content":{"rendered":"<p><span lang=\"FR\"><span style=\"color: #333333;\">Avec les divers \u00e9l\u00e9ments qui le composent, le premier embl\u00e8me de Qu\u00e9bec a tout pour \u00eatre un \u00e9l\u00e9ment de d\u00e9coration sur toute sorte de bijoux, de parures, d\u2019insignes et d\u2019objets personnels. Plusieurs fabricants canadiens, de Qu\u00e9bec, de Montr\u00e9al ou de Toronto en ont donc cr\u00e9\u00e9, mais ils sont souvent difficilement trouvables pour les collectionneurs qui les recherchent.<\/span><\/span><\/p>\n<div id=\"metaslider-id-9388\" style=\"max-width: 300px; margin: 0 auto;\" class=\"ml-slider-3-105-0 metaslider metaslider-flex metaslider-9388 ml-slider ms-theme-default nav-hidden\" role=\"region\" aria-label=\"Bijoux\" data-height=\"360\" data-width=\"300\">\n    <div id=\"metaslider_container_9388\">\n        <div id=\"metaslider_9388\" class=\"flexslider\">\n            <ul class='slides'>\n                <li style=\"display: block; width: 100%;\" class=\"slide-9399 ms-image \" aria-roledescription=\"slide\" data-date=\"2018-06-10 02:41:31\" data-filename=\"3301-JLM-Bague-FR1_wp1515-300x360.jpg\" data-slide-type=\"image\"><img data-recalc-dims=\"1\" loading=\"lazy\" decoding=\"async\" src=\"https:\/\/i0.wp.com\/emblemedequebec.marret.co\/wp-content\/uploads\/2018\/06\/3301-JLM-Bague-FR1_wp1515.jpg?resize=300%2C360&#038;ssl=1\" height=\"360\" width=\"300\" alt=\"\" class=\"slider-9388 slide-9399 msDefaultImage\" title=\"3301-JLM Bague FR1_wp1515\" \/><div class=\"caption-wrap\"><div class=\"caption\">Bague<\/div><\/div><\/li>\n                <li style=\"display: none; width: 100%;\" class=\"slide-9397 ms-image \" aria-roledescription=\"slide\" data-date=\"2018-06-10 02:40:43\" data-filename=\"3321-JLM-Bouton-de-manchette-FR1a_wp1515-300x360.jpg\" data-slide-type=\"image\"><img data-recalc-dims=\"1\" loading=\"lazy\" decoding=\"async\" src=\"https:\/\/i0.wp.com\/emblemedequebec.marret.co\/wp-content\/uploads\/2018\/06\/3321-JLM-Bouton-de-manchette-FR1a_wp1515.jpg?resize=300%2C360&#038;ssl=1\" height=\"360\" width=\"300\" alt=\"\" class=\"slider-9388 slide-9397 msDefaultImage\" title=\"3321-JLM Bouton de manchette FR1a_wp1515\" \/><div class=\"caption-wrap\"><div class=\"caption\">Bouton de manchette<\/div><\/div><\/li>\n                <li style=\"display: none; width: 100%;\" class=\"slide-9389 ms-image \" aria-roledescription=\"slide\" data-date=\"2018-06-10 02:40:43\" data-filename=\"3684-JLM-Bracelet-FR1a_wp1515-300x360.jpg\" data-slide-type=\"image\"><img data-recalc-dims=\"1\" loading=\"lazy\" decoding=\"async\" src=\"https:\/\/i0.wp.com\/emblemedequebec.marret.co\/wp-content\/uploads\/2018\/06\/3684-JLM-Bracelet-FR1a_wp1515.jpg?resize=300%2C360&#038;ssl=1\" height=\"360\" width=\"300\" alt=\"\" class=\"slider-9388 slide-9389 msDefaultImage\" title=\"3684-JLM Bracelet FR1a_wp1515\" \/><div class=\"caption-wrap\"><div class=\"caption\">Bracelet<\/div><\/div><\/li>\n                <li style=\"display: none; width: 100%;\" class=\"slide-9393 ms-image \" aria-roledescription=\"slide\" data-date=\"2018-06-10 02:40:43\" data-filename=\"3431-PG-Breloque-1b_wp1515-300x360.jpg\" data-slide-type=\"image\"><img data-recalc-dims=\"1\" loading=\"lazy\" decoding=\"async\" src=\"https:\/\/i0.wp.com\/emblemedequebec.marret.co\/wp-content\/uploads\/2018\/06\/3431-PG-Breloque-1b_wp1515.jpg?resize=300%2C360&#038;ssl=1\" height=\"360\" width=\"300\" alt=\"\" class=\"slider-9388 slide-9393 msDefaultImage\" title=\"3431-PG Breloque 1b_wp1515\" \/><div class=\"caption-wrap\"><div class=\"caption\">Breloque<\/div><\/div><\/li>\n                <li style=\"display: none; width: 100%;\" class=\"slide-9396 ms-image \" aria-roledescription=\"slide\" data-date=\"2018-06-10 02:40:43\" data-filename=\"3235-JLM-Broche-FR1_wp1515-300x360.jpg\" data-slide-type=\"image\"><img data-recalc-dims=\"1\" loading=\"lazy\" decoding=\"async\" src=\"https:\/\/i0.wp.com\/emblemedequebec.marret.co\/wp-content\/uploads\/2018\/06\/3235-JLM-Broche-FR1_wp1515.jpg?resize=300%2C360&#038;ssl=1\" height=\"360\" width=\"300\" alt=\"\" class=\"slider-9388 slide-9396 msDefaultImage\" title=\"3235-JLM Broche FR1_wp1515\" \/><div class=\"caption-wrap\"><div class=\"caption\">Broche<\/div><\/div><\/li>\n                <li style=\"display: none; width: 100%;\" class=\"slide-9395 ms-image \" aria-roledescription=\"slide\" data-date=\"2018-06-10 02:40:43\" data-filename=\"3231-JLM-Chainette-FR1_wp1515-300x360.jpg\" data-slide-type=\"image\"><img data-recalc-dims=\"1\" loading=\"lazy\" decoding=\"async\" src=\"https:\/\/i0.wp.com\/emblemedequebec.marret.co\/wp-content\/uploads\/2018\/06\/3231-JLM-Chainette-FR1_wp1515.jpg?resize=300%2C360&#038;ssl=1\" height=\"360\" width=\"300\" alt=\"\" class=\"slider-9388 slide-9395 msDefaultImage\" title=\"3231-JLM Chainette FR1_wp1515\" \/><div class=\"caption-wrap\"><div class=\"caption\">Cha\u00eenette<\/div><\/div><\/li>\n                <li style=\"display: none; width: 100%;\" class=\"slide-9391 ms-image \" aria-roledescription=\"slide\" data-date=\"2018-06-10 02:40:43\" data-filename=\"3555-HC-\u00c9pingle-\u00e0-chapeau-07b_wp1515-300x360.jpg\" data-slide-type=\"image\"><img data-recalc-dims=\"1\" loading=\"lazy\" decoding=\"async\" src=\"https:\/\/i0.wp.com\/emblemedequebec.marret.co\/wp-content\/uploads\/2018\/06\/3555-HC-%C3%89pingle-%C3%A0-chapeau-07b_wp1515.jpg?resize=300%2C360&#038;ssl=1\" height=\"360\" width=\"300\" alt=\"\" class=\"slider-9388 slide-9391 msDefaultImage\" title=\"3555-HC \u00c9pingle \u00e0 chapeau 07b_wp1515\" \/><div class=\"caption-wrap\"><div class=\"caption\">\u00c9pingle \u00e0 chapeau<\/div><\/div><\/li>\n                <li style=\"display: none; width: 100%;\" class=\"slide-9392 ms-image \" aria-roledescription=\"slide\" data-date=\"2018-06-10 02:40:43\" data-filename=\"3551-RSH-\u00c9pinglette-1a_wp1515-300x360.jpg\" data-slide-type=\"image\"><img data-recalc-dims=\"1\" loading=\"lazy\" decoding=\"async\" src=\"https:\/\/i0.wp.com\/emblemedequebec.marret.co\/wp-content\/uploads\/2018\/06\/3551-RSH-%C3%89pinglette-1a_wp1515.jpg?resize=300%2C360&#038;ssl=1\" height=\"360\" width=\"300\" alt=\"\" class=\"slider-9388 slide-9392 msDefaultImage\" title=\"3551-RSH \u00c9pinglette 1a_wp1515\" \/><div class=\"caption-wrap\"><div class=\"caption\">\u00c9pinglette<\/div><\/div><\/li>\n                <li style=\"display: none; width: 100%;\" class=\"slide-9398 ms-image \" aria-roledescription=\"slide\" data-date=\"2018-06-10 02:40:44\" data-filename=\"3331-JLM-Bo\u00eete-1a_wp1515-300x360.jpg\" data-slide-type=\"image\"><img data-recalc-dims=\"1\" loading=\"lazy\" decoding=\"async\" src=\"https:\/\/i0.wp.com\/emblemedequebec.marret.co\/wp-content\/uploads\/2018\/06\/3331-JLM-Bo%C3%AEte-1a_wp1515.jpg?resize=300%2C360&#038;ssl=1\" height=\"360\" width=\"300\" alt=\"\" class=\"slider-9388 slide-9398 msDefaultImage\" title=\"3331-JLM Bo\u00eete 1a_wp1515\" \/><div class=\"caption-wrap\"><div class=\"caption\">Bo\u00eete<\/div><\/div><\/li>\n                <li style=\"display: none; width: 100%;\" class=\"slide-9394 ms-image \" aria-roledescription=\"slide\" data-date=\"2018-06-10 02:40:43\" data-filename=\"3411-JLS-Porte-allumettes-5-2012-18_007_wp1515-300x360.jpg\" data-slide-type=\"image\"><img data-recalc-dims=\"1\" loading=\"lazy\" decoding=\"async\" src=\"https:\/\/i0.wp.com\/emblemedequebec.marret.co\/wp-content\/uploads\/2018\/06\/3411-JLS-Porte-allumettes-5-2012-18_007_wp1515.jpg?resize=300%2C360&#038;ssl=1\" height=\"360\" width=\"300\" alt=\"\" class=\"slider-9388 slide-9394 msDefaultImage\" title=\"3411-JLS Porte-allumettes 5 (2012-18_007)_wp1515\" \/><div class=\"caption-wrap\"><div class=\"caption\">Bo\u00eete porte-allumettes<\/div><\/div><\/li>\n                <li style=\"display: none; width: 100%;\" class=\"slide-9390 ms-image \" aria-roledescription=\"slide\" data-date=\"2018-06-10 02:40:43\" data-filename=\"3556-HC-Marque-pages-1a_wp1515-300x360.jpg\" data-slide-type=\"image\"><img data-recalc-dims=\"1\" loading=\"lazy\" decoding=\"async\" src=\"https:\/\/i0.wp.com\/emblemedequebec.marret.co\/wp-content\/uploads\/2018\/06\/3556-HC-Marque-pages-1a_wp1515.jpg?resize=300%2C360&#038;ssl=1\" height=\"360\" width=\"300\" alt=\"\" class=\"slider-9388 slide-9390 msDefaultImage\" title=\"3556-HC Marque pages 1a_wp1515\" \/><div class=\"caption-wrap\"><div class=\"caption\">Marque-pages<\/div><\/div><\/li>\n            <\/ul>\n        <\/div>\n        \n    <\/div>\n<\/div>\n<p><span lang=\"FR\">Il est bien s\u00fbr souvent fort difficile d\u2019identifier les cr\u00e9ateurs de certains bijoux, la taille de ceux-ci ne permettant pas d\u2019y graver signatures ou poin\u00e7ons.<\/span><\/p>\n<p><span lang=\"FR\"><span style=\"color: #333333;\">Principaux bijoutiers et fabricants connus&nbsp;:<\/span><\/span><\/p>\n<ul type=\"disc\">\n<li style=\"margin: 8px 0px; color: #333333; font-family: 'Georgia','serif'; font-size: 12pt; font-style: normal; font-weight: 400;\"><span lang=\"FR\"><span style=\"color: #333333;\">A.J. Allen (Montr\u00e9al) <\/span><\/span><\/li>\n<li style=\"margin: 8px 0px; color: #333333; font-family: 'Georgia','serif'; font-size: 12pt; font-style: normal; font-weight: 400;\"><span lang=\"EN-CA\"><span style=\"color: #333333;\">G.A. Bolduc &amp;&nbsp;Co (Qu\u00e9bec)<\/span><\/span><\/li>\n<li style=\"margin: 8px 0px; color: #333333; font-family: 'Georgia','serif'; font-size: 12pt; font-style: normal; font-weight: 400;\"><span lang=\"FR\"><span style=\"color: #333333;\">Breadner Manufacturing Co. (Trenton, Ontario)<\/span><\/span><\/li>\n<li style=\"margin: 8px 0px; color: #333333; font-family: 'Georgia','serif'; font-size: 12pt; font-style: normal; font-weight: 400;\"><span lang=\"FR\"><span style=\"color: #333333;\">Caron Fr\u00e8res (Montr\u00e9al)<\/span><\/span><\/li>\n<li style=\"margin: 8px 0px; color: #333333; font-family: 'Georgia','serif'; font-size: 12pt; font-style: normal; font-weight: 400;\"><span lang=\"FR\"><span style=\"color: #333333;\">Cyrille Duquet (Qu\u00e9bec)<\/span><\/span><\/li>\n<li style=\"margin: 8px 0px; color: #333333; font-family: 'Georgia','serif'; font-size: 12pt; font-style: normal; font-weight: 400;\"><span lang=\"FR\"><span style=\"color: #333333;\">P.W. Ellis &amp;&nbsp;Co (Toronto)<\/span><\/span><\/li>\n<li style=\"margin: 8px 0px; color: #333333; font-family: 'Georgia','serif'; font-size: 12pt; font-style: normal; font-weight: 400;\"><span lang=\"FR\"><span style=\"color: #333333;\">J.R. Gaunt &amp; Son (Montr\u00e9al)<\/span><\/span><\/li>\n<li style=\"margin: 8px 0px; color: #333333; font-family: 'Georgia','serif'; font-size: 12pt; font-style: normal; font-weight: 400;\"><span lang=\"FR\"><span style=\"color: #333333;\">Richard Hemsley (Montr\u00e9al)<\/span><\/span><\/li>\n<li style=\"margin: 8px 0px; color: #333333; font-family: 'Georgia','serif'; font-size: 12pt; font-style: normal; font-weight: 400;\"><span lang=\"FR\"><span style=\"color: #333333;\">Robert Hendery (Montr\u00e9al)<\/span><\/span><\/li>\n<li style=\"margin: 8px 0px; color: #333333; font-family: 'Georgia','serif'; font-size: 12pt; font-style: normal; font-weight: 400;\"><span lang=\"FR\"><span style=\"color: #333333;\">Roden Brothers (Toronto)<\/span><\/span><\/li>\n<li style=\"margin: 8px 0px; color: #333333; font-family: 'Georgia','serif'; font-size: 12pt; font-style: normal; font-weight: 400;\"><span lang=\"FR\"><span style=\"color: #333333;\">Scully (Montr\u00e9al)<\/span><\/span><\/li>\n<li style=\"margin: 8px 0px; color: #333333; font-family: 'Georgia','serif'; font-size: 12pt; font-style: normal; font-weight: 400;\"><span lang=\"FR\"><span style=\"color: #333333;\">Gustave Seifert (Qu\u00e9bec).<\/span><\/span><\/li>\n<\/ul>\n<p><a href=\"https:\/\/i0.wp.com\/emblemedequebec.marret.co\/wp-content\/uploads\/2018\/03\/3461-JLM-Broche-FR1_wp.jpg?ssl=1\"><img data-recalc-dims=\"1\" loading=\"lazy\" decoding=\"async\" data-attachment-id=\"7632\" data-permalink=\"https:\/\/emblemedequebec.marret.co\/index.php\/sur-des-bijoux\/3461-jlm-broche-fr1_wp\/\" data-orig-file=\"https:\/\/i0.wp.com\/emblemedequebec.marret.co\/wp-content\/uploads\/2018\/03\/3461-JLM-Broche-FR1_wp.jpg?fit=1181%2C1031&amp;ssl=1\" data-orig-size=\"1181,1031\" data-comments-opened=\"1\" data-image-meta=\"{&quot;aperture&quot;:&quot;11&quot;,&quot;credit&quot;:&quot;&quot;,&quot;camera&quot;:&quot;NIKON D7000&quot;,&quot;caption&quot;:&quot;&quot;,&quot;created_timestamp&quot;:&quot;1387812004&quot;,&quot;copyright&quot;:&quot;&quot;,&quot;focal_length&quot;:&quot;105&quot;,&quot;iso&quot;:&quot;200&quot;,&quot;shutter_speed&quot;:&quot;0.05&quot;,&quot;title&quot;:&quot;&quot;,&quot;orientation&quot;:&quot;1&quot;}\" data-image-title=\"3461-JLM Broche FR1_wp\" data-image-description=\"\" data-image-caption=\"&lt;p&gt;Broche&lt;\/p&gt;\n\" data-medium-file=\"https:\/\/i0.wp.com\/emblemedequebec.marret.co\/wp-content\/uploads\/2018\/03\/3461-JLM-Broche-FR1_wp.jpg?fit=300%2C262&amp;ssl=1\" data-large-file=\"https:\/\/i0.wp.com\/emblemedequebec.marret.co\/wp-content\/uploads\/2018\/03\/3461-JLM-Broche-FR1_wp.jpg?fit=640%2C559&amp;ssl=1\" width=\"201\" height=\"175\" class=\"wp-image-7632 aligncenter\" alt=\"\" src=\"https:\/\/i0.wp.com\/emblemedequebec.marret.co\/wp-content\/uploads\/2018\/03\/3461-JLM-Broche-FR1_wp.jpg?resize=201%2C175&#038;ssl=1\" data-wp-pid=\"7632\" srcset=\"https:\/\/i0.wp.com\/emblemedequebec.marret.co\/wp-content\/uploads\/2018\/03\/3461-JLM-Broche-FR1_wp.jpg?resize=1024%2C894&amp;ssl=1 1024w, https:\/\/i0.wp.com\/emblemedequebec.marret.co\/wp-content\/uploads\/2018\/03\/3461-JLM-Broche-FR1_wp.jpg?resize=300%2C262&amp;ssl=1 300w, https:\/\/i0.wp.com\/emblemedequebec.marret.co\/wp-content\/uploads\/2018\/03\/3461-JLM-Broche-FR1_wp.jpg?resize=768%2C670&amp;ssl=1 768w, https:\/\/i0.wp.com\/emblemedequebec.marret.co\/wp-content\/uploads\/2018\/03\/3461-JLM-Broche-FR1_wp.jpg?resize=800%2C698&amp;ssl=1 800w, https:\/\/i0.wp.com\/emblemedequebec.marret.co\/wp-content\/uploads\/2018\/03\/3461-JLM-Broche-FR1_wp.jpg?resize=600%2C524&amp;ssl=1 600w, https:\/\/i0.wp.com\/emblemedequebec.marret.co\/wp-content\/uploads\/2018\/03\/3461-JLM-Broche-FR1_wp.jpg?w=1181&amp;ssl=1 1181w\" sizes=\"auto, (max-width: 201px) 100vw, 201px\" \/><\/a><\/p>\n<p>&nbsp;<\/p>\n","protected":false},"excerpt":{"rendered":"<p>Avec les divers \u00e9l\u00e9ments qui le composent, le premier embl\u00e8me de Qu\u00e9bec a tout pour \u00eatre un \u00e9l\u00e9ment de d\u00e9coration sur toute sorte de bijoux, de parures, d\u2019insignes et d\u2019objets personnels. Plusieurs fabricants canadiens, de Qu\u00e9bec, de Montr\u00e9al ou de &hellip; <a href=\"https:\/\/emblemedequebec.marret.co\/index.php\/sur-des-bijoux\/\">Continuer la lecture <span class=\"meta-nav\">&rarr;<\/span><\/a><\/p>\n","protected":false},"author":1,"featured_media":0,"parent":0,"menu_order":0,"comment_status":"closed","ping_status":"closed","template":"","meta":{"ngg_post_thumbnail":0,"jetpack_post_was_ever_published":false,"footnotes":""},"class_list":["post-7601","page","type-page","status-publish","hentry"],"aioseo_notices":[],"jetpack_sharing_enabled":true,"jetpack_shortlink":"https:\/\/wp.me\/P9K7xB-1YB","jetpack-related-posts":[{"id":9322,"url":"https:\/\/emblemedequebec.marret.co\/index.php\/sur-des-bijoux\/les-insignes-policiers-a-la-ville-de-quebec\/","url_meta":{"origin":7601,"position":0},"title":"Les insignes policiers \u00e0 la ville de Qu\u00e9bec","author":"marretgravereaux","date":"30 mai 2018","format":false,"excerpt":"Pour officialiser leurs fonctions et s\u2019identifier, les policiers de la ville de Qu\u00e9bec ont arbor\u00e9 longtemps un insigne avec l\u2019embl\u00e8me de leur employeur ; et m\u00eame si la ville de Qu\u00e9bec a chang\u00e9 d\u2019embl\u00e8me officiel en 1949, l\u2019insigne n'a pas chang\u00e9 jusque dans les ann\u00e9es 1960, comme le montrent plusieurs\u2026","rel":"","context":"Article similaire","block_context":{"text":"Article similaire","link":""},"img":{"alt_text":"","src":"https:\/\/i0.wp.com\/emblemedequebec.marret.co\/wp-content\/uploads\/2018\/05\/39143-Adolphe-Bigaouette_wp-198x300.jpg?resize=350%2C200&ssl=1","width":350,"height":200},"classes":[]},{"id":66,"url":"https:\/\/emblemedequebec.marret.co\/","url_meta":{"origin":7601,"position":1},"title":"Le premier embl\u00e8me de la ville de Qu\u00e9bec","author":"marretgravereaux","date":"24 octobre 2015","format":false,"excerpt":"Incorpor\u00e9e en 1833, la ville de Qu\u00e9bec tint ses premi\u00e8res \u00e9lections en avril. Lors de l\u2019une de ses premi\u00e8res r\u00e9unions, quelques semaines plus tard, le conseil de ville adopta un sceau dont le dessin fut r\u00e9alis\u00e9 par l\u2019un de ses conseillers, Joseph L\u00e9gar\u00e9. Utilis\u00e9 comme embl\u00e8me, voire comme armoiries, pour\u2026","rel":"","context":"Article similaire","block_context":{"text":"Article similaire","link":""},"img":{"alt_text":"","src":"https:\/\/i0.wp.com\/emblemedequebec.marret.co\/wp-content\/uploads\/2018\/03\/Ville-de-Qu%C3%A9bec-Dessin-original_wp-997x1024.jpg?resize=350%2C200","width":350,"height":200},"classes":[]},{"id":8922,"url":"https:\/\/emblemedequebec.marret.co\/index.php\/sur-des-bijoux\/quebec-curling-club\/","url_meta":{"origin":7601,"position":2},"title":"Quebec Curling Club","author":"marretgravereaux","date":"1 mai 2018","format":false,"excerpt":"Le curling se joue \u00e0 l'origine sur des surfaces glac\u00e9es naturelles, telles, \u00e0 Qu\u00e9bec, le Saint-Laurent ou la rivi\u00e8re Saint-Charles. Mais, \u00e0 l\u2019initiative des \u00c9cossais le Quebec Curling Club voit le jour en 1821 et, au d\u00e9but, seuls des fils et des filles d'\u00c9cossais peuvent en devenir membres. Apr\u00e8s Montr\u00e9al\u2026","rel":"","context":"Dans &quot;Non class\u00e9&quot;","block_context":{"text":"Non class\u00e9","link":"https:\/\/emblemedequebec.marret.co\/index.php\/category\/non-classe\/"},"img":{"alt_text":"","src":"https:\/\/i0.wp.com\/emblemedequebec.marret.co\/wp-content\/uploads\/2018\/04\/2321-MMC-M930_50_1_638_wp.jpg?resize=350%2C200","width":350,"height":200},"classes":[]},{"id":9311,"url":"https:\/\/emblemedequebec.marret.co\/index.php\/sur-des-bijoux\/quebec-rifles-171st-battalion\/","url_meta":{"origin":7601,"position":3},"title":"Quebec Rifles &#8211; 171st Battalion","author":"marretgravereaux","date":"27 mai 2018","format":false,"excerpt":"Le 171e Bataillon outremer \u00abQuebec Rifles\u00a0\u00bb voit le jour en juillet 1916 comme corps exp\u00e9ditionnaire canadien - Overseas Battalion \u2013. Ses fantassins embarquent en novembre de la m\u00eame ann\u00e9e pour l\u2019Angleterre et fournissent des renforts au front lors de la Premi\u00e8re Guerre mondiale. Dissous en 1917, ce bataillon fut recr\u00e9\u00e9\u2026","rel":"","context":"Article similaire","block_context":{"text":"Article similaire","link":""},"img":{"alt_text":"","src":"https:\/\/i0.wp.com\/emblemedequebec.marret.co\/wp-content\/uploads\/2018\/05\/3851-JLM-Quebec-Rifles-FR1a_wp.jpg?resize=350%2C200","width":350,"height":200},"classes":[]},{"id":9824,"url":"https:\/\/emblemedequebec.marret.co\/index.php\/sur-la-vaisselle\/les-miniatures-goss\/","url_meta":{"origin":7601,"position":4},"title":"Des porcelaines et des miniatures Goss","author":"marretgravereaux","date":"20 ao\u00fbt 2018","format":false,"excerpt":"Apr\u00e8s des \u00e9tudes en dessin et un apprentissage chez des fabricants de c\u00e9ramique, William Henry Goss (1833-1906) d\u00e9marre en 1858 sa propre entreprise - la Falcon Pottery -, \u00e0 Stoke-on-Trent (Grande-Bretagne) laquelle produit vases, flacons et autres objets de porcelaine. Adolphus, son fils a\u00een\u00e9, y entre en 1880\u00a0; comme il\u2026","rel":"","context":"Article similaire","block_context":{"text":"Article similaire","link":""},"img":{"alt_text":"","src":"https:\/\/i0.wp.com\/emblemedequebec.marret.co\/wp-content\/uploads\/2018\/08\/Buste-William-Goss-2006BB2163_2500_wp.jpg?resize=350%2C200","width":350,"height":200},"classes":[]},{"id":9878,"url":"https:\/\/emblemedequebec.marret.co\/index.php\/sur-des-imprimes\/des-cartes-a-jouer-avec-lembleme-de-quebec\/","url_meta":{"origin":7601,"position":5},"title":"Des cartes \u00e0 jouer avec l&#8217;embl\u00e8me de Qu\u00e9bec","author":"marretgravereaux","date":"21 ao\u00fbt 2018","format":false,"excerpt":"Lorsqu\u2019elle est fond\u00e9e en 1820, la compagnie Charles Goodall & Son se sp\u00e9cialise dans l\u2019impression de cartes de souhaits et de cartes \u00e0 jouer. L\u2019entreprise se d\u00e9veloppe rapidement et au milieu du XIXe\u00a0si\u00e8cle, elle produit, avec son concurrent Thomas de la Rue, les deux tiers des cartes \u00e0 jouer fabriqu\u00e9es\u2026","rel":"","context":"Article similaire","block_context":{"text":"Article similaire","link":""},"img":{"alt_text":"","src":"https:\/\/i0.wp.com\/emblemedequebec.marret.co\/wp-content\/uploads\/2018\/04\/2885-HC2-Cartes-03_wp-726x1024.jpg?resize=350%2C200","width":350,"height":200},"classes":[]}],"_links":{"self":[{"href":"https:\/\/emblemedequebec.marret.co\/index.php\/wp-json\/wp\/v2\/pages\/7601","targetHints":{"allow":["GET"]}}],"collection":[{"href":"https:\/\/emblemedequebec.marret.co\/index.php\/wp-json\/wp\/v2\/pages"}],"about":[{"href":"https:\/\/emblemedequebec.marret.co\/index.php\/wp-json\/wp\/v2\/types\/page"}],"author":[{"embeddable":true,"href":"https:\/\/emblemedequebec.marret.co\/index.php\/wp-json\/wp\/v2\/users\/1"}],"replies":[{"embeddable":true,"href":"https:\/\/emblemedequebec.marret.co\/index.php\/wp-json\/wp\/v2\/comments?post=7601"}],"version-history":[{"count":0,"href":"https:\/\/emblemedequebec.marret.co\/index.php\/wp-json\/wp\/v2\/pages\/7601\/revisions"}],"wp:attachment":[{"href":"https:\/\/emblemedequebec.marret.co\/index.php\/wp-json\/wp\/v2\/media?parent=7601"}],"curies":[{"name":"wp","href":"https:\/\/api.w.org\/{rel}","templated":true}]}}