{"id":7597,"date":"2018-03-13T19:11:23","date_gmt":"2018-03-13T18:11:23","guid":{"rendered":"http:\/\/emblemedequebec.marret.co\/?page_id=7597"},"modified":"2020-01-16T18:17:05","modified_gmt":"2020-01-16T17:17:05","slug":"sur-des-imprimes","status":"publish","type":"page","link":"https:\/\/emblemedequebec.marret.co\/index.php\/sur-des-imprimes\/","title":{"rendered":"&#8230; sur des imprim\u00e9s"},"content":{"rendered":"<div id=\"attachment_7694\" style=\"width: 209px\" class=\"wp-caption alignright\"><a href=\"https:\/\/i0.wp.com\/emblemedequebec.marret.co\/wp-content\/uploads\/2018\/03\/1835-Carte-de-Hawkins-2010-17_008a_wp.jpg?ssl=1\"><img data-recalc-dims=\"1\" loading=\"lazy\" decoding=\"async\" aria-describedby=\"caption-attachment-7694\" data-attachment-id=\"7694\" data-permalink=\"https:\/\/emblemedequebec.marret.co\/index.php\/ses-origines\/1835-carte-de-hawkins-2010-17_008a_wp\/\" data-orig-file=\"https:\/\/i0.wp.com\/emblemedequebec.marret.co\/wp-content\/uploads\/2018\/03\/1835-Carte-de-Hawkins-2010-17_008a_wp.jpg?fit=1181%2C1132&amp;ssl=1\" data-orig-size=\"1181,1132\" data-comments-opened=\"1\" data-image-meta=\"{&quot;aperture&quot;:&quot;5.6&quot;,&quot;credit&quot;:&quot;&quot;,&quot;camera&quot;:&quot;Canon EOS DIGITAL REBEL XSi&quot;,&quot;caption&quot;:&quot;&quot;,&quot;created_timestamp&quot;:&quot;1281696216&quot;,&quot;copyright&quot;:&quot;&quot;,&quot;focal_length&quot;:&quot;55&quot;,&quot;iso&quot;:&quot;400&quot;,&quot;shutter_speed&quot;:&quot;0.016666666666667&quot;,&quot;title&quot;:&quot;&quot;,&quot;orientation&quot;:&quot;1&quot;}\" data-image-title=\"1835 Carte de Hawkins &amp;#8211; 2010-17_008a_wp\" data-image-description=\"&lt;p&gt;This Plan of the City of Quebec is respectfully inscribed to the Mayor (R.E. Caron) Esq. By his obedient servant Alfred Hawkins. 1835. Wm Smillie Sc.&lt;\/p&gt;\n\" data-image-caption=\"&lt;p&gt;Plan of the City of Quebec. 1835 (Hawkins, Alfred)&lt;\/p&gt;\n\" data-medium-file=\"https:\/\/i0.wp.com\/emblemedequebec.marret.co\/wp-content\/uploads\/2018\/03\/1835-Carte-de-Hawkins-2010-17_008a_wp.jpg?fit=300%2C288&amp;ssl=1\" data-large-file=\"https:\/\/i0.wp.com\/emblemedequebec.marret.co\/wp-content\/uploads\/2018\/03\/1835-Carte-de-Hawkins-2010-17_008a_wp.jpg?fit=640%2C614&amp;ssl=1\" class=\" wp-image-7694\" src=\"https:\/\/i0.wp.com\/emblemedequebec.marret.co\/wp-content\/uploads\/2018\/03\/1835-Carte-de-Hawkins-2010-17_008a_wp.jpg?resize=199%2C191&#038;ssl=1\" alt=\"\" width=\"199\" height=\"191\" data-wp-pid=\"7694\" srcset=\"https:\/\/i0.wp.com\/emblemedequebec.marret.co\/wp-content\/uploads\/2018\/03\/1835-Carte-de-Hawkins-2010-17_008a_wp.jpg?resize=1024%2C982&amp;ssl=1 1024w, https:\/\/i0.wp.com\/emblemedequebec.marret.co\/wp-content\/uploads\/2018\/03\/1835-Carte-de-Hawkins-2010-17_008a_wp.jpg?resize=300%2C288&amp;ssl=1 300w, https:\/\/i0.wp.com\/emblemedequebec.marret.co\/wp-content\/uploads\/2018\/03\/1835-Carte-de-Hawkins-2010-17_008a_wp.jpg?resize=768%2C736&amp;ssl=1 768w, https:\/\/i0.wp.com\/emblemedequebec.marret.co\/wp-content\/uploads\/2018\/03\/1835-Carte-de-Hawkins-2010-17_008a_wp.jpg?resize=800%2C767&amp;ssl=1 800w, https:\/\/i0.wp.com\/emblemedequebec.marret.co\/wp-content\/uploads\/2018\/03\/1835-Carte-de-Hawkins-2010-17_008a_wp.jpg?resize=600%2C575&amp;ssl=1 600w, https:\/\/i0.wp.com\/emblemedequebec.marret.co\/wp-content\/uploads\/2018\/03\/1835-Carte-de-Hawkins-2010-17_008a_wp.jpg?w=1181&amp;ssl=1 1181w\" sizes=\"auto, (max-width: 199px) 100vw, 199px\" \/><\/a><p id=\"caption-attachment-7694\" class=\"wp-caption-text\">Plan de Qu\u00e9bec (1835)<\/p><\/div>\n<p>Adopt\u00e9 officiellement le 23 mai 1834, le nouveau sceau de la ville de Qu\u00e9bec a d\u00e8s lors \u00e9t\u00e9 utilis\u00e9 par celle-ci pour s\u2019identifier sur des documents officiels, ou les illustrer. Il appara\u00eet donc sur le papier \u00e0 lettres et les \u00ab comptes de taxes \u00bb, les divers rapports de commissions ou les \u00e9tats financiers annuels, des cartes ou des plans, etc. De nombreux d\u00e9pliants et brochures touristiques de Qu\u00e9bec ont aussi arbor\u00e9 cet embl\u00e8me jusqu\u2019\u00e0 sa disparition en 1949.<\/p>\n<div id=\"attachment_9060\" style=\"width: 210px\" class=\"wp-caption alignleft\"><a href=\"https:\/\/i0.wp.com\/emblemedequebec.marret.co\/wp-content\/uploads\/2018\/05\/2341-MCQ-Poterie-de-Qu%C3%A9bec-2010-15_001b_wp.jpg?ssl=1\"><img data-recalc-dims=\"1\" loading=\"lazy\" decoding=\"async\" aria-describedby=\"caption-attachment-9060\" data-attachment-id=\"9060\" data-permalink=\"https:\/\/emblemedequebec.marret.co\/index.php\/sur-des-imprimes\/2341-mcq-poterie-de-quebec-2010-15_001b_wp\/\" data-orig-file=\"https:\/\/i0.wp.com\/emblemedequebec.marret.co\/wp-content\/uploads\/2018\/05\/2341-MCQ-Poterie-de-Qu%C3%A9bec-2010-15_001b_wp.jpg?fit=284%2C295&amp;ssl=1\" data-orig-size=\"284,295\" data-comments-opened=\"1\" data-image-meta=\"{&quot;aperture&quot;:&quot;4&quot;,&quot;credit&quot;:&quot;&quot;,&quot;camera&quot;:&quot;Canon EOS DIGITAL REBEL XSi&quot;,&quot;caption&quot;:&quot;&quot;,&quot;created_timestamp&quot;:&quot;1281442302&quot;,&quot;copyright&quot;:&quot;&quot;,&quot;focal_length&quot;:&quot;27&quot;,&quot;iso&quot;:&quot;400&quot;,&quot;shutter_speed&quot;:&quot;0.016666666666667&quot;,&quot;title&quot;:&quot;&quot;,&quot;orientation&quot;:&quot;1&quot;}\" data-image-title=\"2341-MCQ Poterie de Qu\u00e9bec (2010-15_001)b_wp\" data-image-description=\"\" data-image-caption=\"&lt;p&gt;Poterie de Qu\u00e9bec &amp;#8211; Facture&lt;\/p&gt;\n\" data-medium-file=\"https:\/\/i0.wp.com\/emblemedequebec.marret.co\/wp-content\/uploads\/2018\/05\/2341-MCQ-Poterie-de-Qu%C3%A9bec-2010-15_001b_wp.jpg?fit=284%2C295&amp;ssl=1\" data-large-file=\"https:\/\/i0.wp.com\/emblemedequebec.marret.co\/wp-content\/uploads\/2018\/05\/2341-MCQ-Poterie-de-Qu%C3%A9bec-2010-15_001b_wp.jpg?fit=284%2C295&amp;ssl=1\" class=\" wp-image-9060\" src=\"https:\/\/i0.wp.com\/emblemedequebec.marret.co\/wp-content\/uploads\/2018\/05\/2341-MCQ-Poterie-de-Qu%C3%A9bec-2010-15_001b_wp.jpg?resize=200%2C208&#038;ssl=1\" alt=\"\" width=\"200\" height=\"208\" data-wp-pid=\"9060\"><\/a><p id=\"caption-attachment-9060\" class=\"wp-caption-text\">Poterie de Qu\u00e9bec &#8211; Facture<\/p><\/div>\n<p>Plusieurs compagnies priv\u00e9es de Qu\u00e9bec l\u2019ont \u00e9galement int\u00e9gr\u00e9 dans leur propre logo, parmi lesquelles la <a href=\"https:\/\/emblemedequebec.marret.co\/index.php\/sur-des-imprimes\/city-district-telegraph-company\/\"><em>City District Telegraph Company<\/em><\/a>, la<a href=\"https:\/\/emblemedequebec.marret.co\/index.php\/sur-des-imprimes\/mccaghey-dolbec-company\/\"><em> McCaghey &amp; Dolbec Company<\/em><\/a>, la <a href=\"https:\/\/emblemedequebec.marret.co\/index.php\/sur-des-imprimes\/quebec-gas-company\/\"><em>Quebec Gas Company<\/em><\/a> ou la <a href=\"https:\/\/emblemedequebec.marret.co\/index.php\/sur-des-imprimes\/quebec-worsted-company\/\"><em>Quebec Worsted Company<\/em><\/a>. Des associations sportives, tel le <em><a href=\"https:\/\/emblemedequebec.marret.co\/index.php\/2018\/05\/01\/quebec-curling-club\/\">Quebec Curling Club<\/a>,<\/em> en ont fait autant\u2026<\/p>\n<p>L<span lang=\"FR\"><span style=\"color: #333333;\">\u2019on ne se s\u2019\u00e9tonnera certainement pas de voir ce m\u00eame embl\u00e8me sur des publications, des livres, des magazines ou des journaux, surtout \u00e0 l\u2019occasion de grands \u00e9v\u00e8nements se d\u00e9roulant \u00e0 Qu\u00e9bec, comme les visites royales ou le <a href=\"https:\/\/emblemedequebec.marret.co\/index.php\/dans-la-numismatique\/le-tricentenaire-de-quebec-1908\/\">Tricentenaire de la ville<\/a>.<\/span><\/span><\/p>\n<p><span lang=\"FR\" style=\"margin: 0px; padding: 0cm; border: 1pt windowtext; color: #333333; font-family: 'Georgia','serif'; font-size: 12pt;\">Mais il a \u00e9galement servi \u00e0 orner d\u2019autres objets en papier ou en carton, comme des <a href=\"https:\/\/emblemedequebec.marret.co\/index.php\/2020\/01\/16\/1908-laffiche-quebec-pendant-trois-siecles\/\">affiches<\/a> ou des pochettes d\u2019allumettes.<\/span><\/p>\n<p>&nbsp;<\/p>\n","protected":false},"excerpt":{"rendered":"<p>Adopt\u00e9 officiellement le 23 mai 1834, le nouveau sceau de la ville de Qu\u00e9bec a d\u00e8s lors \u00e9t\u00e9 utilis\u00e9 par celle-ci pour s\u2019identifier sur des documents officiels, ou les illustrer. Il appara\u00eet donc sur le papier \u00e0 lettres et les &hellip; <a href=\"https:\/\/emblemedequebec.marret.co\/index.php\/sur-des-imprimes\/\">Continuer la lecture <span class=\"meta-nav\">&rarr;<\/span><\/a><\/p>\n","protected":false},"author":1,"featured_media":0,"parent":0,"menu_order":0,"comment_status":"closed","ping_status":"closed","template":"","meta":{"ngg_post_thumbnail":0,"jetpack_post_was_ever_published":false,"footnotes":""},"class_list":["post-7597","page","type-page","status-publish","hentry"],"aioseo_notices":[],"jetpack_sharing_enabled":true,"jetpack_shortlink":"https:\/\/wp.me\/P9K7xB-1Yx","jetpack-related-posts":[{"id":66,"url":"https:\/\/emblemedequebec.marret.co\/","url_meta":{"origin":7597,"position":0},"title":"Le premier embl\u00e8me de la ville de Qu\u00e9bec","author":"marretgravereaux","date":"24 octobre 2015","format":false,"excerpt":"Incorpor\u00e9e en 1833, la ville de Qu\u00e9bec tint ses premi\u00e8res \u00e9lections en avril. Lors de l\u2019une de ses premi\u00e8res r\u00e9unions, quelques semaines plus tard, le conseil de ville adopta un sceau dont le dessin fut r\u00e9alis\u00e9 par l\u2019un de ses conseillers, Joseph L\u00e9gar\u00e9. Utilis\u00e9 comme embl\u00e8me, voire comme armoiries, pour\u2026","rel":"","context":"Article similaire","block_context":{"text":"Article similaire","link":""},"img":{"alt_text":"","src":"https:\/\/i0.wp.com\/emblemedequebec.marret.co\/wp-content\/uploads\/2018\/03\/Ville-de-Qu%C3%A9bec-Dessin-original_wp-997x1024.jpg?resize=350%2C200","width":350,"height":200},"classes":[]},{"id":9168,"url":"https:\/\/emblemedequebec.marret.co\/index.php\/a-la-ville-de-quebec\/evolution-de-lembleme-a-la-ville-de-quebec\/","url_meta":{"origin":7597,"position":1},"title":"\u00c9volution de l&#8217;embl\u00e8me \u00e0 la ville de Qu\u00e9bec","author":"marretgravereaux","date":"12 mai 2018","format":false,"excerpt":"Apr\u00e8s son adoption officielle, le 23 mai 1834, le nouveau sceau de Qu\u00e9bec fait son apparition pour authentifier les ordonnances, r\u00e8glements ou r\u00e9solutions officiels. Mais, en m\u00eame temps, il devient l\u2019embl\u00e8me de la ville et, \u00e0 ce titre, orne ou illustre de multiples documents administratifs. Le sceau est toujours demeur\u00e9\u2026","rel":"","context":"Article similaire","block_context":{"text":"Article similaire","link":""},"img":{"alt_text":"","src":"https:\/\/i0.wp.com\/emblemedequebec.marret.co\/wp-content\/uploads\/2018\/05\/QP1-1-PV-1833-1834-23-mai-1834p_wp.jpg?resize=350%2C200","width":350,"height":200},"classes":[]},{"id":7601,"url":"https:\/\/emblemedequebec.marret.co\/index.php\/sur-des-bijoux\/","url_meta":{"origin":7597,"position":2},"title":"&#8230; sur des bijoux, des insignes et des objets personnels","author":"marretgravereaux","date":"13 mars 2018","format":false,"excerpt":"Avec les divers \u00e9l\u00e9ments qui le composent, le premier embl\u00e8me de Qu\u00e9bec a tout pour \u00eatre un \u00e9l\u00e9ment de d\u00e9coration sur toute sorte de bijoux, de parures, d\u2019insignes et d\u2019objets personnels. Plusieurs fabricants canadiens, de Qu\u00e9bec, de Montr\u00e9al ou de Toronto en ont donc cr\u00e9\u00e9, mais ils sont souvent difficilement\u2026","rel":"","context":"Article similaire","block_context":{"text":"Article similaire","link":""},"img":{"alt_text":"","src":"https:\/\/i0.wp.com\/emblemedequebec.marret.co\/wp-content\/uploads\/2018\/03\/3461-JLM-Broche-FR1_wp-1024x894.jpg?resize=350%2C200","width":350,"height":200},"classes":[]},{"id":7617,"url":"https:\/\/emblemedequebec.marret.co\/index.php\/a-la-ville-de-quebec\/","url_meta":{"origin":7597,"position":3},"title":"&#8230; \u00e0 la ville de Qu\u00e9bec","author":"marretgravereaux","date":"13 mars 2018","format":false,"excerpt":"Le nouveau sceau de la ville de Qu\u00e9bec a \u00e9t\u00e9 adopt\u00e9 officiellement le 23 mai 1834 et il a, d\u00e8s ce moment-l\u00e0, \u00e9t\u00e9 utilis\u00e9 par la ville chaque fois que n\u00e9cessaire pour identifier des objets ou des personnes, illustrer des documents ou orner des meubles. L\u2019embl\u00e8me officiel est demeur\u00e9 le\u2026","rel":"","context":"Article similaire","block_context":{"text":"Article similaire","link":""},"img":{"alt_text":"","src":"https:\/\/i0.wp.com\/emblemedequebec.marret.co\/wp-content\/uploads\/2018\/05\/QP1-1-PV-1833-1834-23-mai-1834p_wp.jpg?resize=350%2C200","width":350,"height":200},"classes":[]},{"id":7599,"url":"https:\/\/emblemedequebec.marret.co\/index.php\/a-la-societe-numismatique-de-quebec-s-n-q\/","url_meta":{"origin":7597,"position":4},"title":"&#8230; \u00e0 la Soci\u00e9t\u00e9 numismatique de Qu\u00e9bec (S.N.Q.)","author":"marretgravereaux","date":"13 mars 2018","format":false,"excerpt":"Fond\u00e9e en 1960, la Soci\u00e9t\u00e9 numismatique de Qu\u00e9bec adopte comme embl\u00e8me, quelques mois plus tard \u2013 le 21 f\u00e9vrier 1961 -, le dessin apparaissant sur le jeton d\u2019un penny de la Banque de Qu\u00e9bec, lui-m\u00eame inspir\u00e9 de celui de la ville de Qu\u00e9bec. Dans les ann\u00e9es qui suivent, l\u2019on voit\u2026","rel":"","context":"Article similaire","block_context":{"text":"Article similaire","link":""},"img":{"alt_text":"","src":"https:\/\/i0.wp.com\/emblemedequebec.marret.co\/wp-content\/uploads\/2018\/05\/1966-02-08-5e-SNQ-Programme-p2-3-c_wp.jpg?resize=350%2C200","width":350,"height":200},"classes":[]},{"id":9878,"url":"https:\/\/emblemedequebec.marret.co\/index.php\/sur-des-imprimes\/des-cartes-a-jouer-avec-lembleme-de-quebec\/","url_meta":{"origin":7597,"position":5},"title":"Des cartes \u00e0 jouer avec l&#8217;embl\u00e8me de Qu\u00e9bec","author":"marretgravereaux","date":"21 ao\u00fbt 2018","format":false,"excerpt":"Lorsqu\u2019elle est fond\u00e9e en 1820, la compagnie Charles Goodall & Son se sp\u00e9cialise dans l\u2019impression de cartes de souhaits et de cartes \u00e0 jouer. L\u2019entreprise se d\u00e9veloppe rapidement et au milieu du XIXe\u00a0si\u00e8cle, elle produit, avec son concurrent Thomas de la Rue, les deux tiers des cartes \u00e0 jouer fabriqu\u00e9es\u2026","rel":"","context":"Article similaire","block_context":{"text":"Article similaire","link":""},"img":{"alt_text":"","src":"https:\/\/i0.wp.com\/emblemedequebec.marret.co\/wp-content\/uploads\/2018\/04\/2885-HC2-Cartes-03_wp-726x1024.jpg?resize=350%2C200","width":350,"height":200},"classes":[]}],"_links":{"self":[{"href":"https:\/\/emblemedequebec.marret.co\/index.php\/wp-json\/wp\/v2\/pages\/7597","targetHints":{"allow":["GET"]}}],"collection":[{"href":"https:\/\/emblemedequebec.marret.co\/index.php\/wp-json\/wp\/v2\/pages"}],"about":[{"href":"https:\/\/emblemedequebec.marret.co\/index.php\/wp-json\/wp\/v2\/types\/page"}],"author":[{"embeddable":true,"href":"https:\/\/emblemedequebec.marret.co\/index.php\/wp-json\/wp\/v2\/users\/1"}],"replies":[{"embeddable":true,"href":"https:\/\/emblemedequebec.marret.co\/index.php\/wp-json\/wp\/v2\/comments?post=7597"}],"version-history":[{"count":1,"href":"https:\/\/emblemedequebec.marret.co\/index.php\/wp-json\/wp\/v2\/pages\/7597\/revisions"}],"predecessor-version":[{"id":10222,"href":"https:\/\/emblemedequebec.marret.co\/index.php\/wp-json\/wp\/v2\/pages\/7597\/revisions\/10222"}],"wp:attachment":[{"href":"https:\/\/emblemedequebec.marret.co\/index.php\/wp-json\/wp\/v2\/media?parent=7597"}],"curies":[{"name":"wp","href":"https:\/\/api.w.org\/{rel}","templated":true}]}}